ose -k + 5*k = -2*f + 5530, k = 5*f - 13781. Is f a composite number?
True
Suppose 5*h + 3 = 8. Suppose 21 = b - 2*s, -s + h + 21 = 2*b. Is b composite?
False
Let j(a) = a**3 + 27*a**2 + 11*a - 40. Is j(-22) prime?
False
Let l(w) = -4*w**2 + 3. Let b be l(-3). Suppose -11 = -t - 34. Let y = t - b. Is y composite?
True
Let s(t) = -t**2 - 6*t - 6. Suppose -5*a = -2*k - 10, 4*k - 2*a + 0*a - 12 = 0. Let w be s(k). Let y = -40 - w. Is y a composite number?
True
Is (-3882)/(-4)*(-10)/(-15) a composite number?
False
Suppose -2*x + 3*v = 45, -2*v + 10 = x + 3*v. Let d(l) = -l**3 - 5*l**2 + 36*l - 17. Is d(x) a composite number?
False
Suppose -2*c - c = 0. Suppose c = j + 15 - 184. Suppose u - j = 30. Is u prime?
True
Let y(z) = 4*z - 2*z - 5*z**2 - 3 - z + 3*z**3. Let u(a) = 3*a - 2. Let s be u(2). Is y(s) prime?
True
Let d be 4304/32 + 2/4. Suppose -d = -5*j - 10. Let y = j + 9. Is y a composite number?
True
Suppose 9*k - 5083 = 7850. Suppose -3*x + 9924 = -k. Is x composite?
True
Let h(k) be the second derivative of 13*k**5/2 + k**4/12 - k**3/3 + k**2 + 29*k. Is h(1) a composite number?
False
Is (-96936)/(-72) + (-4)/3 a prime number?
False
Let z be (2749/(-3))/(1/(-3)). Suppose -3*k + m = 5*m - 2765, z = 3*k - 4*m. Is k prime?
True
Is -4 + (-8)/(48/(-20214)) composite?
True
Is (21/6 - 3)*8098 prime?
True
Let k = 47 + -75. Let m = k - -65. Is m composite?
False
Suppose 28*b - 11*b = 216563. Is b a prime number?
True
Let q be 10/40 + (138/8)/3. Suppose 2*j - q*j - 1224 = -4*p, 5*p = -5*j + 1540. Is p a composite number?
False
Let b(h) = -h**3 + 10*h**2 - 5*h + 3. Let s be b(9). Let w be 4 + s + -3 + 1. Let z = w + 42. Is z a prime number?
True
Suppose -1664 = -4*i + 4*v, -2*i + 4*i + v - 835 = 0. Let x = -194 + i. Is x composite?
False
Suppose 0 = -7*g + 3*g + 484. Let d = -24 + g. Is d prime?
True
Let v = 11914 + -7003. Suppose 0 = -0*z + 3*z - v. Is z prime?
True
Let u = -878 - -2800. Let i = u + -395. Is i a composite number?
True
Suppose 1373 = -4*o - 4887. Let j = o - -2444. Is j composite?
True
Let y = -8 - -19. Suppose 4*n + 2 = 3*f, 0*f + 4*f - y = -3*n. Is (4/(-12))/(n/(-921)) a prime number?
True
Let a = 618 - -225. Is a composite?
True
Let p(z) = -z**2 + 7*z. Let c be p(7). Suppose c = h + 138 - 8. Let t = h - -236. Is t a composite number?
True
Let i(a) = -1998*a**3 + 5*a**2 + 8*a - 8. Is i(-3) prime?
True
Let p(r) = 554*r + 81. Is p(13) a composite number?
False
Let o = -70 - -72. Suppose -o*a - 779 = -7*a + 2*b, -2*a + 320 = -5*b. Is a a composite number?
True
Let o(f) = -221*f + 9. Is o(-2) a prime number?
False
Let r(p) = p**3 + 4*p**2 + 5*p + 2. Let n be r(-3). Let t(g) = g**2 + 2*g - 1. Let d be t(n). Suppose -b - d + 386 = 0. Is b a prime number?
True
Suppose -751 - 2092 = -4*u - 5*c, 0 = -2*u - 2*c + 1422. Let q = u - -411. Is q composite?
False
Let k = 64 + -42. Let r be k + 1*(1 - 4). Let y = 98 - r. Is y a composite number?
False
Is 42/126 - 4610/(-3) composite?
True
Let d(p) be the second derivative of p**4/12 - 4*p**3/3 - p**2/2 - 16*p. Is d(22) composite?
False
Suppose f + 2*j = -0*f - 10, -2*f - 5*j - 20 = 0. Let s be (-1)/(-2) - 45/f. Suppose -2*v - 760 = -7*v - 5*m, s*v = 3*m + 736. Is v composite?
False
Suppose -99*a + 1756 = -103*a. Let y = a + 1002. Is y a composite number?
False
Let q(o) be the second derivative of 9*o**4/2 - 2*o**3/3 + 3*o**2/2 + 16*o. Is q(2) a prime number?
True
Let s be 2 + (5 - -11532) - (-6)/(-2). Suppose -x + s = 4*m - 0*m, -4*m + 5*x = -11560. Is m a prime number?
False
Suppose 0 = -9*l + 10975 + 5162. Is l prime?
False
Suppose 17 - 27 = -5*o. Suppose o*f + 2218 = 3*f. Is f prime?
False
Suppose -52*u - 3339 = -55*u. Suppose -4*l = -5*l + 5*v + u, 0 = 2*l + 4*v - 2296. Is l composite?
True
Is (-2)/(6/(-30729)) - (-7 - -3) prime?
True
Suppose 4*a + t + 1083 = 5962, -6110 = -5*a + t. Let o = 1150 + a. Is o composite?
False
Let x(n) be the first derivative of 11*n**3/3 - 19*n**2/2 + 4*n - 3. Let t(p) = 7*p**2 - 13*p + 3. Let c(u) = -7*t(u) + 5*x(u). Is c(9) prime?
True
Is ((-1)/3 - -1)/((-102)/(-102969)) composite?
False
Suppose -4*x + 78 = j, -5*j + 6*j = 2. Is x prime?
True
Is 16/(-56) + (-4208016)/(-28) + 1 a prime number?
True
Suppose -3*a + 4260 + 16621 = m, -3*m + 2*a + 62599 = 0. Is m a prime number?
False
Suppose 135914 = 38*q - 896888. Is q composite?
False
Let j(u) = -u**2 - 2*u + 2. Let w be j(0). Suppose w*x + 3 = 9. Let f(v) = 2*v**3 + v**2 + v + 1. Is f(x) prime?
True
Let r = -211614 + 296773. Is r a composite number?
False
Suppose 3*f = 4*y - 31, 3*f = 5*y - 48 + 13. Suppose -u = 3*t - 655, u + y*u = 3*t + 3347. Is u composite?
True
Let l(g) = 3034*g - 143. Is l(15) a prime number?
False
Suppose 12*y - 7*y = 0. Suppose y = -0*p - 2*p, 0 = -c - 3*p + 653. Is c composite?
False
Let l(k) = -19*k**3 - 2*k + 1. Let o be l(1). Let d be ((-52)/o + -3)*5. Let i(f) = -7*f**3 - 2*f - 1. Is i(d) prime?
True
Let w = -17603 + 31222. Is w a prime number?
True
Let f(m) = -m**2 + 13*m + 7. Let b be f(13). Let r be 6 - (-2 + (-4)/(-1)). Suppose -4*h = -3*w + b*w - 2244, 0 = r*w - h - 2254. Is w prime?
True
Suppose -3*o = 4*k - 7640, -7*k + 2*k - 2*o + 9543 = 0. Is k prime?
True
Let u(v) = -58*v**3 - v**2 - 4*v + 1. Let m(f) = -57*f**3 - f**2 - 3*f + 1. Let r(j) = 3*m(j) - 2*u(j). Is r(-2) a prime number?
True
Let z(y) = 15*y**3 + 4*y**2 + 46*y - 80. Is z(7) prime?
False
Let n = -716 + 19. Let r = n + 3402. Is r prime?
False
Suppose -41227 = -4*t + 5*j + 31119, 18095 = t + 3*j. Is t a prime number?
True
Let v = 21756 + -15518. Is v composite?
True
Let z(c) = -c - 1. Let q(f) = 8*f - 14. Let a(p) = -q(p) + 4*z(p). Let r be a(-5). Suppose s = 3*s - r. Is s prime?
False
Let y = -7 + 11. Suppose 4*c + 8 = 0, -2*m = -3*m + y*c + 129. Is m a composite number?
True
Let c = 21 - 20. Let v be c + 2 + (-1 - -1). Is v/2 + 3/2 a prime number?
True
Let z = -34 + 19. Is 51/z + 3 + 5414/10 composite?
False
Suppose 4*c - 8 = -8. Suppose 2*j - 87 - 143 = c. Is j prime?
False
Let g(a) = a**3 + 8*a**2 - 4*a + 8. Let c be g(-6). Suppose n = -3*n + 2796. Suppose -5*u - c = -n. Is u composite?
True
Let y be (-30)/(-45)*(-1 + -2). Is (-17 - -1375)/((-4)/y) a prime number?
False
Let a(p) = 84*p**3 - p**2 - 5*p + 9. Is a(2) a composite number?
True
Let c(j) = j**3 - 6*j**2 - 3*j + 2. Let u be c(6). Is 3/(-12) + (-15476)/u a composite number?
False
Is 1*2*(-204378)/(-12) prime?
False
Let o(v) = v + 1. Let m be o(3). Suppose m = 2*d + 3*w, 0 = -0*d - d + 4*w + 2. Suppose 3*r = l + 57, d*r + 3*l - 38 = -0*r. Is r a prime number?
True
Is (-6)/(24/34)*(1 - 587) a prime number?
False
Suppose -3*j = -4*l + j - 1168, -l - 300 = 3*j. Let b = l - -1072. Is b prime?
False
Let w(c) = 6*c**2 - 15*c + 17. Suppose -3*x + 4 = 40. Is w(x) a composite number?
False
Let n = 143 + -139. Suppose 2*b + 5*q = 4106, -10481 + 2269 = -n*b - 3*q. Is b prime?
True
Let p = -9 - -11. Let v(x) = -7*x**2 + 3 - x + 21*x**p - 4. Is v(2) a composite number?
False
Let u = 17 - 15. Suppose -3*n = u*n + 5. Is 91/(-14)*(n - 13) prime?
False
Let s be (1500/16 - 3)*(-24)/(-9). Let f = 409 - s. Is f a prime number?
True
Suppose -4*r + 5 + 8 = 5*p, 2*r - 3*p = 1. Let w be 256 + 1*(r + -1). Suppose w = k - 74. Is k prime?
True
Let l(u) = u**2 - 8*u - 9. Let k be l(9). Suppose -5*h - 216 = -2*a - 720, k = 5*a + h + 1287. Let n = 516 + a. Is n a composite number?
True
Let t = 5501 - 468. Is t composite?
True
Let k(g) = -g**3 + 9*g**2 - 3*g + 5. Let u be k(8). Suppose 5*s = 165 - u. Let x = 13 + s. Is x a prime number?
True
Let a = 56 - 57. Is -2 - (a + (1 - -2)*-414) a prime number?
False
Is 12300 + 2/(-2) + (18 - 16) prime?
True
Suppose -13397 = 139*q - 140*q. Is q a composite number?
False
Let o(l) = -395*l + 16. Is o(-15) composite?
True
Suppose -2*v + 212 = 2678. Let y = 233 - v. Is y composite?
True
Suppose 3*j + 3*o - 21201 = 0, -5*j + 3*o + 11362 = -23973. Is j a composite number?
True
Suppose 3*c - 215 = -74. Suppose 2*m - 6*m + 24 = 0. Suppose -m*a - 23 = -f - 2*a, a + c = 3*f. Is f composite?
True
Let t(q) be the third derivative of -1/24*q**4 + 3/20*q**5 + 0 + 0*q + q**2 + 1/6*q**3. Is t(6) a prime number?
False
Let t = 240 - -3251. Is t prime?
True
Let k(m) = m**2 + 48*m - 189. Is k(-58) prime?
False
Let p be (-8)/(-4)*(-10)/(-4). Suppose -39 = p*n + 3